 Is j a prime number?
False
Let m(v) = 3*v**2 - 18*v - 35. Is m(24) a composite number?
True
Suppose 2 = -2*t - 0*t. Let w be (1 - t)*2/(-4). Is w*6*-6 + 1 composite?
False
Suppose -3*r + 4*i = 2*i - 665, 0 = 4*r + 3*i - 898. Is r a prime number?
True
Let p = -2 + 4. Let i(l) = -2 + l**2 - 1 + p*l + 4. Is i(-6) prime?
False
Suppose 6 = 3*u - 0*v - v, -2*u + 3*v = 3. Suppose 10 = 5*j - n, 7 = 4*j + u*n - 1. Is j/(0 - -2) + 12 composite?
False
Suppose 5*f - f - 5*c - 40 = 0, 4*c = 2*f - 20. Is (8/f)/((-4)/(-130)) a composite number?
True
Let t(z) be the second derivative of -z**5/20 + z**4/4 + z**3/6 - z**2/2 - z. Let j be t(2). Is (6/8)/(j/620) a prime number?
False
Suppose 2*j + 3*t - 3080 = t, 4*t - 3074 = -2*j. Is j a composite number?
False
Let d(o) = 7*o - 3. Let b be d(0). Let r = 3 + -2. Is (-24 + 4)/(b + r) a composite number?
True
Suppose l - 3*m = 2708, -2*m - 2718 = -l - m. Is l composite?
True
Let c = -260 + 631. Is c a composite number?
True
Suppose -5*y - 10 = r, 6*y = 4*y - 5*r - 4. Let i = 13 - y. Is i prime?
False
Suppose t - 18 = -4*i, -53 = -t + i + 2*i. Is (0 + 1 - 1) + t prime?
False
Is 18/15*(-3720)/(-9) + 3 prime?
True
Suppose 2 = -0*b + 2*b. Let w(q) = b + q - 7*q - 3*q. Is w(-5) a composite number?
True
Let y = 0 - -4. Suppose -2*i + r - 3*r + 94 = 0, -y*r = -2*i + 70. Is i a prime number?
True
Let o(m) = -8*m + 4. Let t(n) = -27*n + 9 + 11*n - 2. Let i(r) = 5*o(r) - 3*t(r). Is i(6) a prime number?
True
Let d = -69 - -118. Is d a prime number?
False
Let r = 892 + 111. Is r a composite number?
True
Suppose 2294 + 3701 = 11*t. Is t composite?
True
Let i = -2230 + 5003. Is i composite?
True
Let t(d) = -d**2 + 9*d - 6. Let w be t(3). Is 1*95 + (-24)/w prime?
False
Let o(t) = t + 13. Let l be o(-11). Suppose -385 = -2*u - u + z, l*z - 119 = -u. Is u a prime number?
True
Let p(y) = 15*y. Let x be p(6). Suppose -x = 3*h - 360. Suppose 3*m = 5*k + 109 + 21, h = 3*m + 3*k. Is m a composite number?
True
Suppose 2*r + 5*v - 76 = 0, -3*r = -0*r - 3*v - 135. Let y = r + -24. Is y prime?
True
Let f = 738 + -357. Is f composite?
True
Suppose 0*d = -4*d. Suppose 4*i - 92 = -4*g, -g + d*i + 11 = -2*i. Is g a composite number?
False
Suppose -113 = -2*t - 21. Suppose 4*y - 4*q - 160 = 0, 4*y - 79 = -3*q + t. Is y a prime number?
False
Let o be 0/10*(-2)/(-4). Suppose o = -5*z + 34 + 61. Is z prime?
True
Let z(f) = -36*f**3 - 2*f**2 - 2*f + 1. Let p be z(2). Let v = 462 + p. Is v a composite number?
False
Let r(l) = -5*l - 3. Let f be r(-2). Suppose -1 + f = m. Suppose 4*s + 62 = m*s. Is s composite?
False
Suppose -4*u + 7*u - 22 = 4*y, 16 = 4*u - 2*y. Suppose c + 12 = -u*c. Let p(n) = 2*n**2 + 6*n + 6. Is p(c) composite?
True
Let k(d) = -36*d - 31. Is k(-5) composite?
False
Suppose -7*p + 6*p + 121 = 0. Is p prime?
False
Suppose -2*v - 4*z + 2426 = 0, 0 = v + 5*z - 4*z - 1212. Is v a prime number?
False
Let b = -114 + 185. Is b a composite number?
False
Let c(r) = 3*r + 2*r - 2 - 5. Let z be 11 + (-1)/(3/9). Is c(z) composite?
True
Let b(l) = l**3 + 3*l**2 - 3*l + 5. Let j be b(-4). Suppose 3*g - 5 = j. Suppose 0*n - g*r - 89 = -5*n, 0 = -4*n + r + 73. Is n a composite number?
False
Let r = -3 - -4. Suppose 3*i + r = 4*i - 5*x, 5*i + 3*x = -23. Let c = 3 - i. Is c a composite number?
False
Suppose -c + 12 = 4*a, -4*a = -3*a + 5*c + 16. Suppose a*d = -5*p + 162, -4*d - p = -d - 127. Is d a composite number?
False
Is 1/(9/(-2445)*4/(-12)) composite?
True
Suppose 0 = -2*u + 4*u - 4. Let m(c) = 3*c**2 - 9*c - 6. Let p be m(8). Suppose u*g - p = 140. Is g prime?
True
Suppose 0 = 3*n + 2*n - 555. Let f = n + -64. Is f a composite number?
False
Let s = 235 + -100. Suppose -1330 - s = -5*h. Is h prime?
True
Let w = -48 - -81. Is w composite?
True
Let n(w) = -80*w + 13. Let d be n(-7). Let j = 908 - d. Is j a prime number?
False
Let k = 17 + 110. Is k a composite number?
False
Let k be ((-892)/12)/(3/(-27)). Suppose 4*z - z = k. Is z composite?
False
Let i(c) = c**3 - 6*c**2 + 17*c - 5. Is i(7) prime?
True
Suppose k = x + 13, -2*x - 5 = k - 33. Let g be (64/(-3))/(1/(-3)). Let w = g - k. Is w a composite number?
True
Suppose -3*d = 5*z - 2, 0 = z - d - 3 + 1. Is ((-1)/z)/(5/(-165)) composite?
True
Suppose 4*a = 168 + 64. Let o = -15 + a. Is o a composite number?
False
Suppose 5*w = g + 292, -3*w - 7*g = -3*g - 166. Is w a composite number?
True
Suppose j - 30 = -3*q, 4*j = j - 4*q + 100. Let p = j - 14. Let o = -1 + p. Is o composite?
True
Let i be ((-1)/(-2))/(8/80). Let q(p) = -2*p - 5. Let g be q(-5). Suppose -3*k - 150 = -3*u, 85 = g*u + i*k - 195. Is u composite?
False
Suppose -2*u = -4*u + 2. Let h(n) = 53*n - 141 - 131 + 272. Is h(u) prime?
True
Let o = -11 + 17. Suppose -3*u + 15 + o = 0. Is u composite?
False
Let n(m) = m + 1441. Is n(0) a composite number?
True
Let d = 12 - 12. Suppose -618 = -2*l + 4*k + k, d = 3*k + 12. Is l a composite number?
True
Is 328947/513 - ((-4)/(-18) - 0) a composite number?
False
Let k(s) = s + 11. Let a be k(-8). Is 0*1/a - -15 composite?
True
Suppose 4 = 5*d - 16. Is ((-74)/4)/((-2)/d) prime?
True
Suppose -5*v = -10317 + 2602. Is v a prime number?
True
Let p(h) = 2*h**2 - 6*h + 3. Suppose -4*r = -4*l + 12, -2*l + 6*l + 3*r = 33. Is p(l) composite?
True
Suppose 12 = -3*g, -d = 2*d - g - 10. Let i = d + 2. Is i a composite number?
True
Let z = 6 + -3. Suppose 55 = -z*h - 11. Is 1221/h*2/(-3) composite?
False
Suppose 3*b - 41 = 2*b. Is -2 + 2 + b + 2 a prime number?
True
Let m be 0/8 + (1 - 5). Is (-491)/m + (-6)/(-24) a prime number?
False
Is (1 - 0)/(-4 - (-12663)/3165) a prime number?
False
Suppose -w = -2*w + 74. Suppose 0 = -2*m + w + 84. Is m a prime number?
True
Suppose -4*s = -7*s + 6. Suppose s*p - 2 = 6. Suppose -x - 20 = -5*x, -255 = -m - p*x. Is m composite?
True
Let w(z) = -100*z - 1. Let m = -2 - -1. Let i be w(m). Suppose -2*o + 5*o = i. Is o a composite number?
True
Let q(l) = -5*l**3 - l**2 - 4*l + 1. Suppose -5*y + y - 12 = 0. Is q(y) a composite number?
False
Let d = -116 - -817. Is d composite?
False
Let k(g) = -g**2 + 5*g - 2. Let h be k(3). Suppose -h*l = -9 - 11. Suppose -2 = -l*b + 43. Is b composite?
True
Suppose 4*i + 7364 = 8*i. Is i composite?
True
Suppose -152 = -2*m + 842. Is m composite?
True
Let a(k) = 6*k**2 - 4*k + 2. Let u be a(6). Let i = 12 + -9. Is (i/6)/(1/u) a prime number?
True
Let h be 2/(-6)*-3 + -8. Let f(s) = -49*s - 10. Let l be f(h). Let r = l - 184. Is r a prime number?
True
Let i(r) = -18*r - 3. Is i(-7) a composite number?
True
Suppose -u = 3*w + u - 53, -5*w + 2*u + 115 = 0. Is w composite?
True
Let a = -24 - -46. Is a a composite number?
True
Let s(t) = -8*t + 3 - 2 - 22*t + 1. Let y be s(-3). Suppose 0*g - y = -4*g. Is g a composite number?
False
Suppose -4*t = -769 + 173. Is t a composite number?
False
Let f(h) be the second derivative of -37*h**3/6 + 15*h**2/2 + 8*h. Is f(-6) composite?
True
Let m be 7154/10 - (-4)/(-10). Suppose 3*c - m = -2*c. Suppose 2*d = 3*d - c. Is d a composite number?
True
Let s(f) = 7 - 16*f + 70*f - 15 - 17. Is s(10) a composite number?
True
Let l(u) = u**2 + 6*u + 7. Let y be l(-5). Suppose -y*k = -0*k - 74. Is k a composite number?
False
Is -3 + (-3)/(12/(-148)) composite?
True
Let w(f) = 4*f**2 + f + 1. Let t be w(-1). Is (0 - -423) + (-4)/t composite?
True
Suppose -4*c + 8*c - 1340 = 0. Is c prime?
False
Let h = 81 + -114. Let w = 2 - h. Is w prime?
False
Let a(m) = 14*m**2 - 27*m + 14. Let w(q) = -5*q**2 + 9*q - 5. Let p(j) = -6*a(j) - 17*w(j). Is p(7) a composite number?
False
Suppose -2*a = -7 + 3, -4*a = -4*w - 240. Suppose 2*t + 6 - 184 = 0. Let o = w + t. Is o a prime number?
True
Let q be 169/4 + (-7)/28. Let h = 111 + -56. Let p = q + h. Is p a prime number?
True
Suppose 1 = 2*n + 41. Is (-608)/(-5) + 12/n a prime number?
False
Let n(j) be the first derivative of -j**2 + j + 2. Let d be n(-1). Suppose 14 = -r + d*r. Is r composite?
False
Let g = -103 - -2900. Is g a prime number?
True
Let i = 1 - -1. Is 2 + 5/2*i a prime number?
True
Suppose 2*d - 5*h - 217 = 0, -d - 5*h + 150 = 4. Suppose -n + 2*r = 3*n - 4, 0 = 2*r - 4. Suppose -61 - d = -n*u. Is u prime?
False
Suppose -3*r + 25 - 4 = 0. Let w(v) = v**2 - 10*v - 2. Let k be w(r). Let b = k + 38. Is b a prime number?
False
Let h = -205 + 836. Is h a prime numbe